333
What is 4c148 (base 14) in base 8?
554744
Convert -78643 (base 10) to base 11.
-540a4
-102110220111 (base 3) to base 14
-5c494
What is 33210032213 (base 4) in base 14?
78311d
What is 451201 (base 6) in base 14?
db33
-17142755 (base 9) to base 7
-133005653
Convert 11646630 (base 7) to base 14.
1d6187
What is -15154013 (base 6) in base 12?
-215909
Convert 1594367 (base 10) to base 6.
54101155
What is -111003301 (base 4) in base 2?
-10101000011110001
What is -b627bb (base 13) in base 6?
-231200200
-b15b9 (base 16) to base 8
-2612671
What is -c4321 (base 14) in base 5?
-110110320
Convert -1213754 (base 8) to base 6.
-11053220
Convert -34501540 (base 8) to base 11.
-4266468
Convert -131525 (base 14) to base 2.
-10100000010110111101
What is 114122 (base 8) in base 6?
500310
-2142234 (base 9) to base 6
-40351134
Convert -1664062 (base 7) to base 2.
-111001001101001001
Convert -2505004 (base 6) to base 12.
-65164
Convert 31034 (base 15) to base 6.
3154551
What is 817554 (base 9) in base 14?
c87dc
What is 108082 (base 12) in base 7?
2143022
-573872 (base 10) to base 16
-8c1b0
13133032 (base 4) to base 13
10c63
-44641032 (base 7) to base 15
-5184c0
-1112210202 (base 3) to base 6
-353032
17c74 (base 14) to base 2
1110101010101110
What is -34206416 (base 8) in base 6?
-422444302
Convert -202234332 (base 5) to base 4.
-3020133201
What is -1114883 (base 11) in base 10?
-1953636
Convert -10110313322 (base 4) to base 14.
-217414
-440140421 (base 5) to base 12
-768480
Convert -10110110110111101010111 (base 2) to base 11.
-34230a7
181283 (base 10) to base 15
38aa8
Convert -4012154 (base 6) to base 8.
-560006
What is 3952428 (base 10) in base 12?
13a7350
-63320434 (base 8) to base 5
-11422213444
-355b8 (base 16) to base 8
-652670
Convert -5955be (base 15) to base 5.
-2043130204
Convert 5221515 (base 6) to base 2.
111101011110110111
165807 (base 10) to base 8
503657
Convert 147d0 (base 14) to base 6.
1031510
Convert 100221100100 (base 3) to base 6.
4105400
Convert 3512896 (base 10) to base 8.
15315100
What is -42641663 (base 7) in base 5?
-1412444343
Convert a78209 (base 13) to base 14.
744700
Convert 1140460 (base 7) to base 16.
233aa
What is 6211838 (base 9) in base 15?
457212
What is -537273 (base 8) in base 2?
-101011111010111011
What is 1020002212 (base 4) in base 10?
295078
1c172b (base 15) to base 14
279d46
What is -112120311 (base 4) in base 15?
-1c286
Convert 1121202 (base 8) to base 14.
7c9a2
-3527850 (base 12) to base 6
-1003501340
What is -121d4 (base 16) in base 7?
-426213
1001101010011001011001 (base 2) to base 10
2532953
What is 144442000 (base 5) in base 16?
bea4b
What is 102213440 (base 5) in base 14?
b2605
Convert 9be686 (base 16) to base 4.
212332122012
Convert 67bc0e (base 16) to base 2.
11001111011110000001110
What is -47d949 (base 16) in base 6?
-244531241
What is -422121 (base 7) in base 12?
-36150
What is 1fb3b (base 16) in base 13?
47147
-524456 (base 8) to base 5
-21040012
Convert 8a734 (base 14) to base 11.
20a644
Convert -6822e (base 15) to base 14.
-88a04
11024404030 (base 5) to base 13
2625615
3a7104 (base 11) to base 15
c9505
3381097 (base 11) to base 16
5a46f1
Convert 1012332 (base 4) to base 2.
1000110111110
-113112014 (base 5) to base 10
-519634
What is 1310222021 (base 4) in base 7?
4030046
Convert -65d75 (base 14) to base 8.
-742123
11231431 (base 5) to base 12
4b118
Convert -22a96 (base 14) to base 15.
-1a027
2ccb47 (base 15) to base 3
11002012201011
What is 1787a86 (base 11) in base 8?
13427353
What is 1656132 (base 8) in base 10?
482394
Convert 9339d (base 15) to base 3.
212201000111
What is -102120310302 (base 4) in base 14?
-8d6934
905490 (base 10) to base 15
12d460
Convert -1034063 (base 7) to base 13.
-45620
What is -18b23 (base 15) in base 4?
-103210011
551243 (base 6) to base 2
1011001001101011
-cfb1fc (base 16) to base 9
-27545436
Convert 2125151 (base 8) to base 14.
10ad73
1100010110100000111001 (base 2) to base 4
30112200321
Convert 24cc4 (base 14) to base 2.
10110000011011100
What is -72631 (base 8) in base 7?
-153525
What is -105199 (base 10) in base 6?
-2131011
342076 (base 8) to base 5
12201044
Convert 8f172 (base 16) to base 6.
20321230
What is -2050451 (base 6) in base 14?
-28607
1940371 (base 13) to base 14
1158997
-4b75c4 (base 14) to base 16
-2795b8
What is -a4135b (base 14) in base 2?
-10101000111011001010101
42758 (base 10) to base 2
1010011100000110
10130030133 (base 4) to base 2
100011100001100011111
Convert -43310313 (base 5) to base 4.
-1122030302
What is -121144441 (base 5) in base 10?
-568746
-7144424 (base 9) to base 14
-711dbc
2d56a (base 15) to base 7
1146451
108457 (base 9) to base 15
14507
Convert -11133322122 (base 4) to base 13.
-3b6127
-36246 (base 9) to base 14
-8bad
What is -3030416 (base 8) in base 16?
-c310e
Convert 101201222110000 (base 3) to base 16.
571791
Convert -20002222000111 (base 3) to base 6.
-153332151
What is -8658889 (base 10) in base 6?
-505331241
2c2c (base 13) to base 3
22212021
Convert 2144313 (base 5) to base 7.
214131
Convert -2d52f (base 16) to base 6.
-3551251
Convert 75792 (base 11) to base 7.
635651
-85751 (base 10) to base 7
-505001
Convert 100101111000101000110 (base 2) to base 11.
778769
Convert -12313312111 (base 4) to base 11.
-1020648
-17710a (base 15) to base 3
-2010210111201
534451 (base 7) to base 11
63832
Convert -131021100103 (base 4) to base 14.
-102c403
What is 209540 (base 11) in base 16?
51b8a
Convert -42ee7 (base 16) to base 15.
-5636b
What is -280c8c (base 14) in base 4?
-11102033230
What is 7c646a (base 13) in base 14?
56d237
What is -213446 (base 7) in base 3?
-1220010112
-13244202 (base 6) to base 4
-1223303222
276501 (base 8) to base 4
113311001
-202233121223 (base 4) to base 3
-122010200112012
105906 (base 13) to base 11
2423a4
Convert -53b7b12 (base 12) to base 5.
-13033340311
Convert -32011233231 (base 4) to base 8.
-16055755
Convert -96da8 (base 16) to base 11.
-392264
10000101111111100001 (base 2) to base 16
85fe1
What is 13625301 (base 7) in base 10?
1283997
Convert -5234133 (base 6) to base 11.
-163623
Convert -187828 (base 10) to base 9.
-315577
Convert -165836 (base 10) to base 14.
-44616
What is -cbd1 (base 16) in base 8?
-145721
Convert 14859 (base 15) to base 4.
100013121
What is -35ad9 (base 15) in base 2?
-101001110011000100
Convert -986836 (base 10) to base 11.
-614474
What is 5c40 (base 14) in base 5?
1004003
14435130 (base 8) to base 10
3291736
Convert 4b066a (base 14) to base 7.
30613463
What is 11001100010101010 (base 2) in base 12?
50662
What is -256134 (base 7) in base 10?
-47751
What is -12240225 (base 8) in base 6?
-133540125
Convert 5845480 (base 10) to base 13.
1298884
Convert 777950 (base 14) to base 5.
2014222342
What is 80d568 (base 16) in base 10?
8443240
What is 1122221121 (base 4) in base 14?
99449
What is 111010101000011111 (base 2) in base 7?
2020113
-27666750 (base 9) to base 2
-110100001100111110111111
What is 200603 (base 12) in base 9?
838763
-30145 (base 8) to base 14
-472d
-224475 (base 9) to base 5
-13301103
Convert -5563a (base 13) to base 8.
-456345
What is 111111114 (base 7) in base 9?
13580713
Convert -152b8 (base 12) to base 8.
-72154
What is -1619a7 (base 16) in base 2?
-101100001100110100111
What is 20032110 (base 8) in base 4?
100003101020
What is -edaea (base 15) in base 6?
-24103451
What is 1411631 (base 9) in base 4?
2331110101
-10100110000010111010 (base 2) to base 4
-2212002322
What is 142841a (base 14) in base 16?
953cc8
What is 3242011 (base 5) in base 6?
1110413
2211240 (base 5) to base 8
112660
Convert 32587 (base 9) to base 15.
661a
Convert 1100022021002 (base 3) to base 13.
1c0361
Convert -111335415 (base 6) to base 3.
-10211101000202
What is -6387151 (base 11) in base 8?
-52677345
2026172 (base 8) to base 15
a8ab9
What is 173b55 (base 13) in base 10?
579740
Convert -3c9919 (base 13) to base 15.
-1e2d87
Convert 111110001001101001 (base 2) to base 8.
761151
What is -840518 (base 10) in base 2?
-11001101001101000110
-21012221210102 (base 3) to base 5
-1440243210
Convert 22022012011 (base 3) to base 14.
437bd
-a2795 (base 13) to base 16
-471ed
-116246 (base 14) to base 6
-20414034
Convert 3413103440 (base 5) to base 2.
11100110011011000011111
Convert -34230 (base 9) to base 10.
-2